{"id":530,"date":"2023-01-09T10:55:58","date_gmt":"2023-01-09T09:55:58","guid":{"rendered":"https:\/\/iesbaran.educacion.navarra.es\/web\/?page_id=530"},"modified":"2026-01-29T09:48:04","modified_gmt":"2026-01-29T08:48:04","slug":"asignaturas-pendientes","status":"publish","type":"page","link":"https:\/\/iesbaran.educacion.navarra.es\/web\/asignaturas-pendientes\/","title":{"rendered":"Asignaturas pendientes"},"content":{"rendered":"\n<div class=\"wp-container-1 wp-block-buttons\"><\/div>\n\n\n\n<h2 class=\"has-text-align-center\">Curso 25-26:<\/h2>\n\n\n\n<p class=\"has-text-align-center\">Informaci\u00f3n sobre el proceso de recuperaci\u00f3n de las asignaturas pendientes por departamentos:<\/p>\n\n\n\n<div class=\"wp-container-2 wp-block-buttons\">\n<div class=\"wp-block-button\"><a class=\"wp-block-button__link has-theme-primary-background-color has-background\" href=\"https:\/\/drive.google.com\/drive\/folders\/1LGlpi7nvt-Mt8O_jPWzffaHw0GH71dIz?usp=sharing\" style=\"border-radius:5px\">info sobre los procesos de recuperaci\u00f3n<\/a><\/div>\n<\/div>\n\n\n\n<hr class=\"wp-block-separator\"\/>\n\n\n\n<p class=\"has-text-align-center\">Calendario de ex\u00e1menes de pendientes:<\/p>\n\n\n\n<div class=\"wp-block-genesis-blocks-gb-columns gb-layout-columns-2 gb-2-col-equal\"><div class=\"gb-layout-column-wrap gb-block-layout-column-gap-2 gb-is-responsive-column\">\n<div class=\"wp-block-genesis-blocks-gb-column gb-block-layout-column\"><div class=\"gb-block-layout-column-inner\">\n<div style=\"height:10px\" aria-hidden=\"true\" class=\"wp-block-spacer\"><\/div>\n\n\n\n<div class=\"wp-container-3 wp-block-buttons\">\n<div class=\"wp-block-button\"><a class=\"wp-block-button__link\" href=\"https:\/\/docs.google.com\/document\/d\/1A2d1c49LNc9vVw_VkV_nniTP2Jx5dw795Nm26lgeOLw\/edit?usp=sharing\" style=\"border-radius:5px\" target=\"_blank\" rel=\"noreferrer noopener\">calendario eso<\/a><\/div>\n<\/div>\n<\/div><\/div>\n\n\n\n<div class=\"wp-block-genesis-blocks-gb-column gb-block-layout-column\"><div class=\"gb-block-layout-column-inner\">\n<div style=\"height:10px\" aria-hidden=\"true\" class=\"wp-block-spacer\"><\/div>\n\n\n\n<div class=\"wp-container-4 wp-block-buttons\">\n<div class=\"wp-block-button\"><a class=\"wp-block-button__link\" href=\"https:\/\/docs.google.com\/document\/d\/1Fb5WoyW4s9qJZMHGKCqEi1ck_7MCwhi2mIxzFTm-YuE\/edit?usp=sharing\" style=\"border-radius:5px\" target=\"_blank\" rel=\"noreferrer noopener\">calendario bachillerato<\/a><\/div>\n<\/div>\n<\/div><\/div>\n<\/div><\/div>\n\n\n\n<div style=\"height:88px\" aria-hidden=\"true\" class=\"wp-block-spacer\"><\/div>\n\n\n\n<hr class=\"wp-block-separator alignwide is-style-wide\"\/>\n","protected":false},"excerpt":{"rendered":"<p>Curso 25-26: Informaci\u00f3n sobre el proceso de recuperaci\u00f3n de las asignaturas pendientes por departamentos: Calendario de ex\u00e1menes de pendientes:<\/p>\n","protected":false},"author":1,"featured_media":290,"parent":0,"menu_order":0,"comment_status":"closed","ping_status":"closed","template":"","meta":{"_genesis_hide_title":false,"_genesis_hide_breadcrumbs":false,"_genesis_hide_singular_image":false,"_genesis_hide_footer_widgets":false,"_genesis_custom_body_class":"","_genesis_custom_post_class":"","_genesis_layout":""},"featured_image_src":"https:\/\/iesbaran.educacion.navarra.es\/web\/wp-content\/uploads\/2020\/08\/exam-cuadrada.jpg","featured_image_src_square":"https:\/\/iesbaran.educacion.navarra.es\/web\/wp-content\/uploads\/2020\/08\/exam-cuadrada.jpg","_links":{"self":[{"href":"https:\/\/iesbaran.educacion.navarra.es\/web\/wp-json\/wp\/v2\/pages\/530"}],"collection":[{"href":"https:\/\/iesbaran.educacion.navarra.es\/web\/wp-json\/wp\/v2\/pages"}],"about":[{"href":"https:\/\/iesbaran.educacion.navarra.es\/web\/wp-json\/wp\/v2\/types\/page"}],"author":[{"embeddable":true,"href":"https:\/\/iesbaran.educacion.navarra.es\/web\/wp-json\/wp\/v2\/users\/1"}],"replies":[{"embeddable":true,"href":"https:\/\/iesbaran.educacion.navarra.es\/web\/wp-json\/wp\/v2\/comments?post=530"}],"version-history":[{"count":19,"href":"https:\/\/iesbaran.educacion.navarra.es\/web\/wp-json\/wp\/v2\/pages\/530\/revisions"}],"predecessor-version":[{"id":4295,"href":"https:\/\/iesbaran.educacion.navarra.es\/web\/wp-json\/wp\/v2\/pages\/530\/revisions\/4295"}],"wp:featuredmedia":[{"embeddable":true,"href":"https:\/\/iesbaran.educacion.navarra.es\/web\/wp-json\/wp\/v2\/media\/290"}],"wp:attachment":[{"href":"https:\/\/iesbaran.educacion.navarra.es\/web\/wp-json\/wp\/v2\/media?parent=530"}],"curies":[{"name":"wp","href":"https:\/\/api.w.org\/{rel}","templated":true}]}}