{"id":377,"date":"2020-08-28T11:32:22","date_gmt":"2020-08-28T09:32:22","guid":{"rendered":"https:\/\/iesbaran.educacion.navarra.es\/web\/?page_id=377"},"modified":"2025-03-12T14:08:09","modified_gmt":"2025-03-12T13:08:09","slug":"apyma","status":"publish","type":"page","link":"https:\/\/iesbaran.educacion.navarra.es\/web\/apyma\/","title":{"rendered":"APYMA"},"content":{"rendered":"\n<h3>Junta directiva<\/h3>\n\n\n\n<figure class=\"wp-block-table\"><table><tbody><tr><td>Presidente<\/td><td>Josu\u00e9 Bea Arias<\/td><\/tr><tr><td>Secretario<\/td><td>Josu\u00e9 Bea Arias<\/td><\/tr><tr><td>Vicepresidenta<\/td><td>Maite Ruiz Cid<\/td><\/tr><tr><td>Tesorero<\/td><td>Juan Carlos Lorite Tambo<\/td><\/tr><tr><td>Vocales<\/td><td>Carlos Ascaso Ar\u00e1n<br>Juan Hualde Torre<br>Doraldina Ubillus N\u00fa\u00f1ez<\/td><\/tr><\/tbody><\/table><\/figure>\n\n\n\n<hr class=\"wp-block-separator\"\/>\n\n\n\n<h3>Correo electr\u00f3nico<\/h3>\n\n\n\n<p>apymaiesbara@gmail.com<\/p>\n\n\n\n<hr class=\"wp-block-separator\"\/>\n\n\n\n<h3>Documentaci\u00f3n charlas:<\/h3>\n\n\n\n<ul><li><a href=\"https:\/\/drive.google.com\/file\/d\/1gvfJMD9blMXcPheX-ljAL4KaQCPyV02c\/view?usp=sharing\" target=\"_blank\" rel=\"noreferrer noopener\">La autoridad<\/a><\/li><li><a href=\"https:\/\/drive.google.com\/file\/d\/1bREk88KSE9M55xbjRssMC8I08jNTeCIx\/view?usp=sharing\" target=\"_blank\" rel=\"noreferrer noopener\">Los hijos-hijas y las tareas dom\u00e9sticas<\/a><\/li><li><a href=\"https:\/\/drive.google.com\/file\/d\/1-Dth4FZWabVMPSq3XJTHE4x3Jhna6nEM\/view?usp=sharing\" target=\"_blank\" rel=\"noreferrer noopener\">Los hijos-hijas desaf\u00edan las normas<\/a><\/li><\/ul>\n\n\n\n<hr class=\"wp-block-separator\"\/>\n\n\n\n<h3>Estatutos APYMA:<\/h3>\n\n\n\n<p class=\"is-style-default\"><a href=\"https:\/\/drive.google.com\/file\/d\/1EU4iCgFVDE6-OxjVDO_1W09mv02ET0yo\/view?usp=sharing\" target=\"_blank\" rel=\"noreferrer noopener\">Descargar pdf estatutos<\/a><\/p>\n","protected":false},"excerpt":{"rendered":"<p>Junta directiva Presidente Josu\u00e9 Bea Arias Secretario Josu\u00e9 Bea Arias Vicepresidenta Maite Ruiz Cid Tesorero Juan Carlos Lorite Tambo Vocales Carlos Ascaso Ar\u00e1nJuan Hualde TorreDoraldina Ubillus N\u00fa\u00f1ez Correo electr\u00f3nico apymaiesbara@gmail.com Documentaci\u00f3n charlas: La autoridad Los hijos-hijas y las tareas dom\u00e9sticas Los hijos-hijas desaf\u00edan las normas Estatutos APYMA: Descargar pdf estatutos<\/p>\n","protected":false},"author":1,"featured_media":239,"parent":0,"menu_order":0,"comment_status":"closed","ping_status":"closed","template":"","meta":{"_genesis_hide_title":false,"_genesis_hide_breadcrumbs":false,"_genesis_hide_singular_image":false,"_genesis_hide_footer_widgets":false,"_genesis_custom_body_class":"","_genesis_custom_post_class":"","_genesis_layout":""},"featured_image_src":"https:\/\/iesbaran.educacion.navarra.es\/web\/wp-content\/uploads\/2020\/08\/apyma-cuad.jpg","featured_image_src_square":"https:\/\/iesbaran.educacion.navarra.es\/web\/wp-content\/uploads\/2020\/08\/apyma-cuad.jpg","_links":{"self":[{"href":"https:\/\/iesbaran.educacion.navarra.es\/web\/wp-json\/wp\/v2\/pages\/377"}],"collection":[{"href":"https:\/\/iesbaran.educacion.navarra.es\/web\/wp-json\/wp\/v2\/pages"}],"about":[{"href":"https:\/\/iesbaran.educacion.navarra.es\/web\/wp-json\/wp\/v2\/types\/page"}],"author":[{"embeddable":true,"href":"https:\/\/iesbaran.educacion.navarra.es\/web\/wp-json\/wp\/v2\/users\/1"}],"replies":[{"embeddable":true,"href":"https:\/\/iesbaran.educacion.navarra.es\/web\/wp-json\/wp\/v2\/comments?post=377"}],"version-history":[{"count":3,"href":"https:\/\/iesbaran.educacion.navarra.es\/web\/wp-json\/wp\/v2\/pages\/377\/revisions"}],"predecessor-version":[{"id":3776,"href":"https:\/\/iesbaran.educacion.navarra.es\/web\/wp-json\/wp\/v2\/pages\/377\/revisions\/3776"}],"wp:featuredmedia":[{"embeddable":true,"href":"https:\/\/iesbaran.educacion.navarra.es\/web\/wp-json\/wp\/v2\/media\/239"}],"wp:attachment":[{"href":"https:\/\/iesbaran.educacion.navarra.es\/web\/wp-json\/wp\/v2\/media?parent=377"}],"curies":[{"name":"wp","href":"https:\/\/api.w.org\/{rel}","templated":true}]}}

<h3>Junta directiva</h3>



<figure class="wp-block-table"><table><tbody><tr><td>Presidente</td><td>Josué Bea Arias</td></tr><tr><td>Secretario</td><td>Josué Bea Arias</td></tr><tr><td>Vicepresidenta</td><td>Maite Ruiz Cid</td></tr><tr><td>Tesorero</td><td>Juan Carlos Lorite Tambo</td></tr><tr><td>Vocales</td><td>Carlos Ascaso Arán<br>Juan Hualde Torre<br>Doraldina Ubillus Núñez</td></tr></tbody></table></figure>



<hr class="wp-block-separator"/>



<h3>Correo electrónico</h3>



<p>apymaiesbara@gmail.com</p>



<hr class="wp-block-separator"/>



<h3>Documentación charlas:</h3>



<ul><li><a href="https://drive.google.com/file/d/1gvfJMD9blMXcPheX-ljAL4KaQCPyV02c/view?usp=sharing" target="_blank" rel="noreferrer noopener">La autoridad</a></li><li><a href="https://drive.google.com/file/d/1bREk88KSE9M55xbjRssMC8I08jNTeCIx/view?usp=sharing" target="_blank" rel="noreferrer noopener">Los hijos-hijas y las tareas domésticas</a></li><li><a href="https://drive.google.com/file/d/1-Dth4FZWabVMPSq3XJTHE4x3Jhna6nEM/view?usp=sharing" target="_blank" rel="noreferrer noopener">Los hijos-hijas desafían las normas</a></li></ul>



<hr class="wp-block-separator"/>



<h3>Estatutos APYMA:</h3>



<p class="is-style-default"><a href="https://drive.google.com/file/d/1EU4iCgFVDE6-OxjVDO_1W09mv02ET0yo/view?usp=sharing" target="_blank" rel="noreferrer noopener">Descargar pdf estatutos</a></p>

<p>Junta directiva Presidente Josué Bea Arias Secretario Josué Bea Arias Vicepresidenta Maite Ruiz Cid Tesorero Juan Carlos Lorite Tambo Vocales Carlos Ascaso AránJuan Hualde TorreDoraldina Ubillus Núñez Correo electrónico apymaiesbara@gmail.com Documentación charlas: La autoridad Los hijos-hijas y las tareas domésticas Los hijos-hijas desafían las normas Estatutos APYMA: Descargar pdf estatutos</p>
