{"id":364,"date":"2020-08-25T10:51:17","date_gmt":"2020-08-25T08:51:17","guid":{"rendered":"https:\/\/iesbaran.educacion.navarra.es\/web\/?page_id=364"},"modified":"2023-01-19T12:42:19","modified_gmt":"2023-01-19T11:42:19","slug":"convivencia","status":"publish","type":"page","link":"https:\/\/iesbaran.educacion.navarra.es\/web\/convivencia\/","title":{"rendered":"Convivencia"},"content":{"rendered":"\n<h3>Descarga Plan de convivencia:<\/h3>\n\n\n\n<div class=\"wp-container-1 wp-block-buttons\">\n<div class=\"wp-block-button\"><a class=\"wp-block-button__link has-theme-primary-background-color has-background\" href=\"https:\/\/drive.google.com\/file\/d\/1s2s1zE5GFTKeXKKvOVWTFOvffeMetVvU\/view\" style=\"border-radius:5px\">plan de convivencia<\/a><\/div>\n<\/div>\n\n\n\n<hr class=\"wp-block-separator\"\/>\n\n\n\n<div class=\"wp-block-media-text alignwide is-stacked-on-mobile\" style=\"grid-template-columns:31% auto\"><figure class=\"wp-block-media-text__media\"><a href=\"http:\/\/wwwaupepitogrillo.blogspot.com\/\"><img loading=\"lazy\" width=\"1024\" height=\"683\" src=\"https:\/\/iesbaran.educacion.navarra.es\/web\/wp-content\/uploads\/2020\/08\/conflict.jpg\" alt=\"\" class=\"wp-image-368 size-full\" srcset=\"https:\/\/iesbaran.educacion.navarra.es\/web\/wp-content\/uploads\/2020\/08\/conflict.jpg 1024w, https:\/\/iesbaran.educacion.navarra.es\/web\/wp-content\/uploads\/2020\/08\/conflict-300x200.jpg 300w, https:\/\/iesbaran.educacion.navarra.es\/web\/wp-content\/uploads\/2020\/08\/conflict-768x512.jpg 768w, https:\/\/iesbaran.educacion.navarra.es\/web\/wp-content\/uploads\/2020\/08\/conflict-600x400.jpg 600w\" sizes=\"(max-width: 1024px) 100vw, 1024px\" \/><\/a><\/figure><div class=\"wp-block-media-text__content\">\n<p class=\"has-normal-font-size\"><a href=\"http:\/\/wwwaupepitogrillo.blogspot.com\/\">Blog de convivencia del IES Bara\u00f1\u00e1in<\/a><\/p>\n\n\n\n<p class=\"has-small-font-size\"><em>Aqu\u00ed encontrar\u00e1s links interesantes, v\u00eddeos, art\u00edculos&#8230; y lo mejor de todo: puedes colaborar transmitiendo tus inquietudes y sugerencias.<\/em><\/p>\n<\/div><\/div>\n","protected":false},"excerpt":{"rendered":"<p>Descarga Plan de convivencia: Blog de convivencia del IES Bara\u00f1\u00e1in Aqu\u00ed encontrar\u00e1s links interesantes, v\u00eddeos, art\u00edculos&#8230; y lo mejor de todo: puedes colaborar transmitiendo tus inquietudes y sugerencias.<\/p>\n","protected":false},"author":1,"featured_media":366,"parent":0,"menu_order":0,"comment_status":"closed","ping_status":"closed","template":"","meta":{"_genesis_hide_title":false,"_genesis_hide_breadcrumbs":false,"_genesis_hide_singular_image":false,"_genesis_hide_footer_widgets":false,"_genesis_custom_body_class":"","_genesis_custom_post_class":"","_genesis_layout":""},"featured_image_src":"https:\/\/iesbaran.educacion.navarra.es\/web\/wp-content\/uploads\/2020\/08\/gaelle-marcel-AWidiBoRO08-unsplash-1.jpg","featured_image_src_square":"https:\/\/iesbaran.educacion.navarra.es\/web\/wp-content\/uploads\/2020\/08\/gaelle-marcel-AWidiBoRO08-unsplash-1.jpg","_links":{"self":[{"href":"https:\/\/iesbaran.educacion.navarra.es\/web\/wp-json\/wp\/v2\/pages\/364"}],"collection":[{"href":"https:\/\/iesbaran.educacion.navarra.es\/web\/wp-json\/wp\/v2\/pages"}],"about":[{"href":"https:\/\/iesbaran.educacion.navarra.es\/web\/wp-json\/wp\/v2\/types\/page"}],"author":[{"embeddable":true,"href":"https:\/\/iesbaran.educacion.navarra.es\/web\/wp-json\/wp\/v2\/users\/1"}],"replies":[{"embeddable":true,"href":"https:\/\/iesbaran.educacion.navarra.es\/web\/wp-json\/wp\/v2\/comments?post=364"}],"version-history":[{"count":10,"href":"https:\/\/iesbaran.educacion.navarra.es\/web\/wp-json\/wp\/v2\/pages\/364\/revisions"}],"predecessor-version":[{"id":2401,"href":"https:\/\/iesbaran.educacion.navarra.es\/web\/wp-json\/wp\/v2\/pages\/364\/revisions\/2401"}],"wp:featuredmedia":[{"embeddable":true,"href":"https:\/\/iesbaran.educacion.navarra.es\/web\/wp-json\/wp\/v2\/media\/366"}],"wp:attachment":[{"href":"https:\/\/iesbaran.educacion.navarra.es\/web\/wp-json\/wp\/v2\/media?parent=364"}],"curies":[{"name":"wp","href":"https:\/\/api.w.org\/{rel}","templated":true}]}}