{"id":2020,"date":"2022-05-30T13:10:17","date_gmt":"2022-05-30T11:10:17","guid":{"rendered":"https:\/\/iesbaran.educacion.navarra.es\/web\/?page_id=2020"},"modified":"2025-03-27T14:03:33","modified_gmt":"2025-03-27T13:03:33","slug":"becas-y-ayudas","status":"publish","type":"page","link":"https:\/\/iesbaran.educacion.navarra.es\/web\/becas-y-ayudas\/","title":{"rendered":"Becas y ayudas"},"content":{"rendered":"\n<div class=\"wp-block-genesis-blocks-gb-columns gb-layout-service-2 gb-layout-columns-1 one-column gb-has-custom-background-color gb-columns-center alignfull\" style=\"padding-top:15%;padding-right:5%;padding-bottom:15%;padding-left:5%;background-color:#f1f1f1\"><div class=\"gb-layout-column-wrap gb-block-layout-column-gap-2 gb-is-responsive-column\" style=\"max-width:1200px\">\n<div class=\"wp-block-genesis-blocks-gb-column gb-block-layout-column\"><div class=\"gb-block-layout-column-inner\">\n<div style=\"margin-bottom:5%\" class=\"wp-block-genesis-blocks-gb-container is-style-default gb-block-container\"><div class=\"gb-container-inside\"><div class=\"gb-container-content\" style=\"max-width:700px\">\n<h2>Becas para el curso  2025-2026, para cursos postobligatorios.<\/h2>\n\n\n\n<p>Los alumnos y alumnas que vayan a cursar estudios postobligatorios pueden solicitar estas ayudas desde el 24 de marzo a las 8.00h hasta el 14 de mayo de 2025 a las 15:00 h<\/p>\n\n\n\n<div class=\"wp-container-1 wp-block-buttons\">\n<div class=\"wp-block-button\"><a class=\"wp-block-button__link\" href=\"https:\/\/www.boe.es\/diario_boe\/txt.php?id=BOE-B-2025-10203\" style=\"border-radius:5px\" target=\"_blank\" rel=\"noreferrer noopener\">CONVOCATORIA BOE<\/a><\/div>\n\n\n\n<div class=\"wp-block-button\"><a class=\"wp-block-button__link has-theme-primary-background-color has-background\" href=\"https:\/\/www.becaseducacion.gob.es\/becas-y-ayudas.html\" style=\"border-radius:5px\" target=\"_blank\" rel=\"noreferrer noopener\">WEB BECAS MINISTERIO<\/a><\/div>\n\n\n\n<div class=\"wp-block-button\"><a class=\"wp-block-button__link\" href=\"https:\/\/drive.google.com\/file\/d\/16WiYizv9mZIcUjUaUmbNZccZmq1WUvIA\/view?usp=sharing\" style=\"border-radius:5px\" target=\"_blank\" rel=\"noreferrer noopener\">PDF CONVOCATORIA<\/a><\/div>\n<\/div>\n\n\n\n<hr class=\"wp-block-separator is-style-default\"\/>\n\n\n\n<h2 class=\"alignwide\">Becas y ayudas del Ministerio para Alumnado con Necesidades Espec\u00edficas de Apoyo Educativo 2023-2024<\/h2>\n\n\n\n<p>La Secretar\u00eda de Estado de Educaci\u00f3n ha publicado la convocatoria de ayudas para alumnado con necesidad espec\u00edfica de apoyo educativo para el curso 2023-2024.<\/p>\n\n\n\n<p>El plazo para solicitar estas ayudas estar\u00e1 abierto <strong>del 8 de mayo al 20 de septiembre de 2023.<\/strong><\/p>\n\n\n\n<p>Conviene recordar a las familias que para la concesi\u00f3n de Becas que posteriormente convocar\u00e1 el Gobierno de Navarra es imprescindible haber solicitado la Beca del Ministerio de Educaci\u00f3n y Formaci\u00f3n Profesional, si se re\u00fanen las condiciones requeridas.<\/p>\n\n\n\n<div class=\"wp-container-2 wp-block-buttons\">\n<div class=\"wp-block-button\"><a class=\"wp-block-button__link has-background\" href=\"https:\/\/www.educacionyfp.gob.es\/servicios-al-ciudadano\/catalogo\/general\/05\/050140\/ficha\/050140-2023.html\" style=\"border-radius:5px;background-color:#397ddb\" target=\"_blank\" rel=\"noreferrer noopener\">m\u00e1s informaci\u00f3n<\/a><\/div>\n<\/div>\n\n\n\n<hr class=\"wp-block-separator is-style-wide\"\/>\n\n\n\n<div class=\"wp-container-3 wp-block-buttons\"><\/div>\n\n\n\n<h2 class=\"has-text-align-center\">Informaci\u00f3n sobre las convocatorias de becas y ayudas al alumnado<\/h2>\n\n\n\n<p class=\"has-text-align-center\">Convocadas por el Ministerio de Educaci\u00f3n, Gobierno de Navarra u otras instituciones<\/p>\n\n\n\n<div class=\"wp-block-genesis-blocks-gb-columns gb-layout-columns-2 gb-2-col-equal\"><div class=\"gb-layout-column-wrap gb-block-layout-column-gap-2 gb-is-responsive-column\">\n<div class=\"wp-block-genesis-blocks-gb-column gb-block-layout-column\"><div class=\"gb-block-layout-column-inner\">\n<div style=\"height:20px\" aria-hidden=\"true\" class=\"wp-block-spacer\"><\/div>\n\n\n\n<div class=\"wp-container-4 wp-block-buttons\">\n<div class=\"wp-block-button\"><a class=\"wp-block-button__link has-background\" href=\"https:\/\/www.educacion.navarra.es\/web\/dpto\/becas-y-ayudas\" style=\"border-radius:5px;background-color:#df0000\" target=\"_blank\" rel=\"noreferrer noopener\">portal de becas del<br>gobierno de navarra<\/a><\/div>\n<\/div>\n<\/div><\/div>\n\n\n\n<div class=\"wp-block-genesis-blocks-gb-column gb-block-layout-column\"><div class=\"gb-block-layout-column-inner\">\n<div style=\"height:20px\" aria-hidden=\"true\" class=\"wp-block-spacer\"><\/div>\n\n\n\n<div class=\"wp-container-5 wp-block-buttons\">\n<div class=\"wp-block-button\"><a class=\"wp-block-button__link has-background\" href=\"https:\/\/www.becaseducacion.gob.es\/portada.html\" style=\"border-radius:5px;background-color:#397ddb\" target=\"_blank\" rel=\"noreferrer noopener\">portal de becas del<br>ministerio<\/a><\/div>\n<\/div>\n<\/div><\/div>\n<\/div><\/div>\n<\/div><\/div><\/div>\n\n\n\n<div style=\"height:100px\" aria-hidden=\"true\" class=\"wp-block-spacer\"><\/div>\n\n\n\n<h2><mark style=\"background-color:rgba(0, 0, 0, 0)\" class=\"has-inline-color has-theme-primary-color\">Convocatorias anteriores:<\/mark><\/h2>\n\n\n\n<hr class=\"wp-block-separator is-style-wide\"\/>\n\n\n\n<h3>Convocatoria y ayudas a alumnos de niveles postobligatorios. Ministerio de Educaci\u00f3n. Curso 2023-24.<\/h3>\n\n\n\n<p><strong>Plazo de solicitud: 27 de marzo al 17 de mayo de 2023.<\/strong><\/p>\n\n\n\n<div class=\"wp-container-6 wp-block-buttons\">\n<div class=\"wp-block-button is-style-fill\"><a class=\"wp-block-button__link has-background\" href=\"https:\/\/www.educacionyfp.gob.es\/servicios-al-ciudadano\/catalogo\/general\/05\/050130\/ficha\/050130-2023.html\" style=\"border-radius:5px;background-color:#3373dc\" target=\"_blank\" rel=\"noreferrer noopener\">enlace a la convocatoria<\/a><\/div>\n<\/div>\n\n\n\n<div class=\"wp-block-genesis-blocks-gb-columns gb-layout-columns-1 one-column aligncenter\"><div class=\"gb-layout-column-wrap gb-block-layout-column-gap-2 gb-is-responsive-column\">\n<div class=\"wp-block-genesis-blocks-gb-column gb-block-layout-column\"><div class=\"gb-block-layout-column-inner\">\n<hr class=\"wp-block-separator is-style-wide\"\/>\n\n\n\n<h3>Convocatoria General de becas del Gobierno de Navarra para el curso 2022\/23 para cursos postobligatorios no universitarios.<\/h3>\n\n\n\n<p>Para alumnado de Bachillerato de nuestro centro. <strong>Plazo de solicitud: 21 de octubre de 2022<\/strong>.<\/p>\n\n\n\n<div class=\"wp-container-7 wp-block-buttons\">\n<div class=\"wp-block-button is-style-fill\"><a class=\"wp-block-button__link has-background\" href=\"https:\/\/drive.google.com\/file\/d\/1zArd9aUtuwT77Nj1dKSbjtf02J89wxBe\/view\" style=\"border-radius:5px;background-color:#3373dc\" target=\"_blank\" rel=\"noreferrer noopener\">enlace a la convocatoria<\/a><\/div>\n<\/div>\n<\/div><\/div>\n<\/div><\/div>\n\n\n\n<hr class=\"wp-block-separator is-style-wide\"\/>\n\n\n\n<div style=\"height:26px\" aria-hidden=\"true\" class=\"wp-block-spacer\"><\/div>\n\n\n\n<div class=\"wp-block-genesis-blocks-gb-columns gb-layout-columns-2 gb-2-col-equal\" style=\"margin-bottom:3%\"><div class=\"gb-layout-column-wrap gb-block-layout-column-gap-4 gb-is-responsive-column\">\n<div class=\"wp-block-genesis-blocks-gb-column gb-block-layout-column\"><div class=\"gb-block-layout-column-inner\">\n<h3>Convocatoria de&nbsp;ayudas para alumnos con necesidad espec\u00edfica de apoyo educativo&nbsp;para el curso 2022-23.<\/h3>\n\n\n\n<p>Ayudas de Ministerio de Educaci\u00f3n para alumnado con TDAH, TEA, discapacidad, altas capacidades y otros casos.<\/p>\n\n\n\n<div class=\"wp-container-8 wp-block-buttons\">\n<div class=\"wp-block-button is-style-fill\"><a class=\"wp-block-button__link has-background\" href=\"https:\/\/drive.google.com\/file\/d\/1zArd9aUtuwT77Nj1dKSbjtf02J89wxBe\/view\" style=\"border-radius:5px;background-color:#3373dc\">enlace a la convocatoria<\/a><\/div>\n<\/div>\n<\/div><\/div>\n\n\n\n<div class=\"wp-block-genesis-blocks-gb-column gb-block-layout-column\"><div class=\"gb-block-layout-column-inner\">\n<h3>Convocatoria General de Becas del Ministerio de Educaci\u00f3n y Formaci\u00f3n Profesional para el curso 2022\/23.<\/h3>\n\n\n\n<p>El plazo de presentaci\u00f3n de solicitudes es del 30 de marzo al 12 de mayo. Dichas solicitudes deber\u00e1n formalizarse de manera telem\u00e1tica a trav\u00e9s de la p\u00e1gina del Ministerio.<\/p>\n\n\n\n<p>En el siguiente enlace encontrar\u00e9is toda la informaci\u00f3n relativa a dicha convocatoria.<\/p>\n\n\n\n<div class=\"wp-container-9 wp-block-buttons\">\n<div class=\"wp-block-button is-style-fill\"><a class=\"wp-block-button__link has-background\" href=\"https:\/\/www.educacionyfp.gob.es\/servicios-al-ciudadano\/catalogo\/general\/05\/050130\/ficha\/050130-2022.html\" style=\"border-radius:5px;background-color:#3373dc\" target=\"_blank\" rel=\"noreferrer noopener\">enlace a la convocatoria<\/a><\/div>\n<\/div>\n<\/div><\/div>\n<\/div><\/div>\n<\/div><\/div>\n<\/div><\/div>\n","protected":false},"excerpt":{"rendered":"","protected":false},"author":1,"featured_media":0,"parent":0,"menu_order":0,"comment_status":"closed","ping_status":"closed","template":"templates\/blocks.php","meta":{"_genesis_hide_title":false,"_genesis_hide_breadcrumbs":false,"_genesis_hide_singular_image":false,"_genesis_hide_footer_widgets":false,"_genesis_custom_body_class":"","_genesis_custom_post_class":"","_genesis_layout":""},"featured_image_src":null,"featured_image_src_square":null,"_links":{"self":[{"href":"https:\/\/iesbaran.educacion.navarra.es\/web\/wp-json\/wp\/v2\/pages\/2020"}],"collection":[{"href":"https:\/\/iesbaran.educacion.navarra.es\/web\/wp-json\/wp\/v2\/pages"}],"about":[{"href":"https:\/\/iesbaran.educacion.navarra.es\/web\/wp-json\/wp\/v2\/types\/page"}],"author":[{"embeddable":true,"href":"https:\/\/iesbaran.educacion.navarra.es\/web\/wp-json\/wp\/v2\/users\/1"}],"replies":[{"embeddable":true,"href":"https:\/\/iesbaran.educacion.navarra.es\/web\/wp-json\/wp\/v2\/comments?post=2020"}],"version-history":[{"count":10,"href":"https:\/\/iesbaran.educacion.navarra.es\/web\/wp-json\/wp\/v2\/pages\/2020\/revisions"}],"predecessor-version":[{"id":3900,"href":"https:\/\/iesbaran.educacion.navarra.es\/web\/wp-json\/wp\/v2\/pages\/2020\/revisions\/3900"}],"wp:attachment":[{"href":"https:\/\/iesbaran.educacion.navarra.es\/web\/wp-json\/wp\/v2\/media?parent=2020"}],"curies":[{"name":"wp","href":"https:\/\/api.w.org\/{rel}","templated":true}]}}

<div class="wp-block-genesis-blocks-gb-columns gb-layout-service-2 gb-layout-columns-1 one-column gb-has-custom-background-color gb-columns-center alignfull" style="padding-top:15%;padding-right:5%;padding-bottom:15%;padding-left:5%;background-color:#f1f1f1"><div class="gb-layout-column-wrap gb-block-layout-column-gap-2 gb-is-responsive-column" style="max-width:1200px">
<div class="wp-block-genesis-blocks-gb-column gb-block-layout-column"><div class="gb-block-layout-column-inner">
<div style="margin-bottom:5%" class="wp-block-genesis-blocks-gb-container is-style-default gb-block-container"><div class="gb-container-inside"><div class="gb-container-content" style="max-width:700px">
<h2>Becas para el curso  2025-2026, para cursos postobligatorios.</h2>



<p>Los alumnos y alumnas que vayan a cursar estudios postobligatorios pueden solicitar estas ayudas desde el 24 de marzo a las 8.00h hasta el 14 de mayo de 2025 a las 15:00 h</p>



<div class="wp-container-1 wp-block-buttons">
<div class="wp-block-button"><a class="wp-block-button__link" href="https://www.boe.es/diario_boe/txt.php?id=BOE-B-2025-10203" style="border-radius:5px" target="_blank" rel="noreferrer noopener">CONVOCATORIA BOE</a></div>



<div class="wp-block-button"><a class="wp-block-button__link has-theme-primary-background-color has-background" href="https://www.becaseducacion.gob.es/becas-y-ayudas.html" style="border-radius:5px" target="_blank" rel="noreferrer noopener">WEB BECAS MINISTERIO</a></div>



<div class="wp-block-button"><a class="wp-block-button__link" href="https://drive.google.com/file/d/16WiYizv9mZIcUjUaUmbNZccZmq1WUvIA/view?usp=sharing" style="border-radius:5px" target="_blank" rel="noreferrer noopener">PDF CONVOCATORIA</a></div>
</div>



<hr class="wp-block-separator is-style-default"/>



<h2 class="alignwide">Becas y ayudas del Ministerio para Alumnado con Necesidades Específicas de Apoyo Educativo 2023-2024</h2>



<p>La Secretaría de Estado de Educación ha publicado la convocatoria de ayudas para alumnado con necesidad específica de apoyo educativo para el curso 2023-2024.</p>



<p>El plazo para solicitar estas ayudas estará abierto <strong>del 8 de mayo al 20 de septiembre de 2023.</strong></p>



<p>Conviene recordar a las familias que para la concesión de Becas que posteriormente convocará el Gobierno de Navarra es imprescindible haber solicitado la Beca del Ministerio de Educación y Formación Profesional, si se reúnen las condiciones requeridas.</p>



<div class="wp-container-2 wp-block-buttons">
<div class="wp-block-button"><a class="wp-block-button__link has-background" href="https://www.educacionyfp.gob.es/servicios-al-ciudadano/catalogo/general/05/050140/ficha/050140-2023.html" style="border-radius:5px;background-color:#397ddb" target="_blank" rel="noreferrer noopener">más información</a></div>
</div>



<hr class="wp-block-separator is-style-wide"/>



<div class="wp-container-3 wp-block-buttons"></div>



<h2 class="has-text-align-center">Información sobre las convocatorias de becas y ayudas al alumnado</h2>



<p class="has-text-align-center">Convocadas por el Ministerio de Educación, Gobierno de Navarra u otras instituciones</p>



<div class="wp-block-genesis-blocks-gb-columns gb-layout-columns-2 gb-2-col-equal"><div class="gb-layout-column-wrap gb-block-layout-column-gap-2 gb-is-responsive-column">
<div class="wp-block-genesis-blocks-gb-column gb-block-layout-column"><div class="gb-block-layout-column-inner">
<div style="height:20px" aria-hidden="true" class="wp-block-spacer"></div>



<div class="wp-container-4 wp-block-buttons">
<div class="wp-block-button"><a class="wp-block-button__link has-background" href="https://www.educacion.navarra.es/web/dpto/becas-y-ayudas" style="border-radius:5px;background-color:#df0000" target="_blank" rel="noreferrer noopener">portal de becas del<br>gobierno de navarra</a></div>
</div>
</div></div>



<div class="wp-block-genesis-blocks-gb-column gb-block-layout-column"><div class="gb-block-layout-column-inner">
<div style="height:20px" aria-hidden="true" class="wp-block-spacer"></div>



<div class="wp-container-5 wp-block-buttons">
<div class="wp-block-button"><a class="wp-block-button__link has-background" href="https://www.becaseducacion.gob.es/portada.html" style="border-radius:5px;background-color:#397ddb" target="_blank" rel="noreferrer noopener">portal de becas del<br>ministerio</a></div>
</div>
</div></div>
</div></div>
</div></div></div>



<div style="height:100px" aria-hidden="true" class="wp-block-spacer"></div>



<h2><mark style="background-color:rgba(0, 0, 0, 0)" class="has-inline-color has-theme-primary-color">Convocatorias anteriores:</mark></h2>



<hr class="wp-block-separator is-style-wide"/>



<h3>Convocatoria y ayudas a alumnos de niveles postobligatorios. Ministerio de Educación. Curso 2023-24.</h3>



<p><strong>Plazo de solicitud: 27 de marzo al 17 de mayo de 2023.</strong></p>



<div class="wp-container-6 wp-block-buttons">
<div class="wp-block-button is-style-fill"><a class="wp-block-button__link has-background" href="https://www.educacionyfp.gob.es/servicios-al-ciudadano/catalogo/general/05/050130/ficha/050130-2023.html" style="border-radius:5px;background-color:#3373dc" target="_blank" rel="noreferrer noopener">enlace a la convocatoria</a></div>
</div>



<div class="wp-block-genesis-blocks-gb-columns gb-layout-columns-1 one-column aligncenter"><div class="gb-layout-column-wrap gb-block-layout-column-gap-2 gb-is-responsive-column">
<div class="wp-block-genesis-blocks-gb-column gb-block-layout-column"><div class="gb-block-layout-column-inner">
<hr class="wp-block-separator is-style-wide"/>



<h3>Convocatoria General de becas del Gobierno de Navarra para el curso 2022/23 para cursos postobligatorios no universitarios.</h3>



<p>Para alumnado de Bachillerato de nuestro centro. <strong>Plazo de solicitud: 21 de octubre de 2022</strong>.</p>



<div class="wp-container-7 wp-block-buttons">
<div class="wp-block-button is-style-fill"><a class="wp-block-button__link has-background" href="https://drive.google.com/file/d/1zArd9aUtuwT77Nj1dKSbjtf02J89wxBe/view" style="border-radius:5px;background-color:#3373dc" target="_blank" rel="noreferrer noopener">enlace a la convocatoria</a></div>
</div>
</div></div>
</div></div>



<hr class="wp-block-separator is-style-wide"/>



<div style="height:26px" aria-hidden="true" class="wp-block-spacer"></div>



<div class="wp-block-genesis-blocks-gb-columns gb-layout-columns-2 gb-2-col-equal" style="margin-bottom:3%"><div class="gb-layout-column-wrap gb-block-layout-column-gap-4 gb-is-responsive-column">
<div class="wp-block-genesis-blocks-gb-column gb-block-layout-column"><div class="gb-block-layout-column-inner">
<h3>Convocatoria de&nbsp;ayudas para alumnos con necesidad específica de apoyo educativo&nbsp;para el curso 2022-23.</h3>



<p>Ayudas de Ministerio de Educación para alumnado con TDAH, TEA, discapacidad, altas capacidades y otros casos.</p>



<div class="wp-container-8 wp-block-buttons">
<div class="wp-block-button is-style-fill"><a class="wp-block-button__link has-background" href="https://drive.google.com/file/d/1zArd9aUtuwT77Nj1dKSbjtf02J89wxBe/view" style="border-radius:5px;background-color:#3373dc">enlace a la convocatoria</a></div>
</div>
</div></div>



<div class="wp-block-genesis-blocks-gb-column gb-block-layout-column"><div class="gb-block-layout-column-inner">
<h3>Convocatoria General de Becas del Ministerio de Educación y Formación Profesional para el curso 2022/23.</h3>



<p>El plazo de presentación de solicitudes es del 30 de marzo al 12 de mayo. Dichas solicitudes deberán formalizarse de manera telemática a través de la página del Ministerio.</p>



<p>En el siguiente enlace encontraréis toda la información relativa a dicha convocatoria.</p>



<div class="wp-container-9 wp-block-buttons">
<div class="wp-block-button is-style-fill"><a class="wp-block-button__link has-background" href="https://www.educacionyfp.gob.es/servicios-al-ciudadano/catalogo/general/05/050130/ficha/050130-2022.html" style="border-radius:5px;background-color:#3373dc" target="_blank" rel="noreferrer noopener">enlace a la convocatoria</a></div>
</div>
</div></div>
</div></div>
</div></div>
</div></div>
