{"id":2,"date":"2021-09-01T18:28:27","date_gmt":"2021-09-01T18:28:27","guid":{"rendered":"https:\/\/iesbaran.educacion.navarra.es\/web\/bachilleratoinvestigacion\/?page_id=2"},"modified":"2025-03-20T08:31:11","modified_gmt":"2025-03-20T08:31:11","slug":"pagina-ejemplo","status":"publish","type":"page","link":"https:\/\/iesbaran.educacion.navarra.es\/web\/bachilleratoinvestigacion\/","title":{"rendered":"Inicio"},"content":{"rendered":"\n<div class=\"wp-block-genesis-blocks-gb-columns gb-layout-columns-1 one-column gb-has-background-dim gb-has-background-dim-70 gb-background-cover gb-background-no-repeat has-theme-primary-background-color gb-columns-center alignfull\" style=\"padding-right:8%;padding-bottom:10%;padding-left:8%;background-image:url(https:\/\/iesbaran.educacion.navarra.es\/web\/bachilleratoinvestigacion\/wp-content\/uploads\/sites\/4\/2022\/02\/foto-grupo-2122.jpg);background-position:50% 30%\"><div class=\"gb-layout-column-wrap gb-block-layout-column-gap-0 gb-is-responsive-column\" style=\"max-width:1200px\">\n<div class=\"wp-block-genesis-blocks-gb-column gb-block-layout-column\"><div class=\"gb-block-layout-column-inner\">\n<div style=\"color:#ddd\" class=\"wp-block-genesis-blocks-gb-spacer gb-block-spacer gb-divider-solid gb-divider-size-1\"><hr style=\"height:220px\"\/><\/div>\n\n\n\n<h1 class=\"has-text-align-left is-style-xl-text has-text-color\" id=\"sumate-a-la-aventura-de-investigar\" style=\"color:#ffffff\">S\u00famate a la aventura de investigar<\/h1>\n<\/div><\/div>\n<\/div><\/div>\n\n\n\n<div class=\"wp-block-genesis-blocks-gb-columns gb-layout-columns-2 gb-2-col-wideleft gb-columns-center alignfull\" style=\"padding-right:4%;padding-left:4%\"><div class=\"gb-layout-column-wrap gb-block-layout-column-gap-1 gb-is-responsive-column\" style=\"max-width:1240px\">\n<div class=\"wp-block-genesis-blocks-gb-column is-style-offset-up gb-block-layout-column\"><div class=\"gb-block-layout-column-inner gb-has-custom-background-color\" style=\"padding:20px;background-color:#faf7f4\">\n<div class=\"wp-block-genesis-blocks-gb-columns gb-layout-columns-1 one-column has-theme-primary-background-color gb-has-custom-text-color\" style=\"padding-top:3%;padding-right:4%;padding-bottom:2%;padding-left:4%;color:#ffffff\"><div class=\"gb-layout-column-wrap gb-block-layout-column-gap-2 gb-is-responsive-column\">\n<div class=\"wp-block-genesis-blocks-gb-column gb-block-layout-column\"><div class=\"gb-block-layout-column-inner\">\n<h1 class=\"has-text-align-left small-heading is-style-small-text has-large-font-size\" id=\"bachillerato-de-investigacion\" style=\"font-style:normal;font-weight:800\"><strong>Bachillerato de investigaci\u00f3n<\/strong><\/h1>\n\n\n\n<p>\u00ab<em>El pensamiento creativo no es un talento m\u00edstico. Es una habilidad que se puede practicar y ense\u00f1ar<\/em>\u00bb<\/p>\n\n\n\n<p class=\"has-small-font-size\">Edward de Bono, psic\u00f3logo<\/p>\n\n\n\n<div class=\"wp-container-1 wp-block-buttons\">\n<div class=\"wp-block-button is-style-outline\"><a class=\"wp-block-button__link has-text-color\" href=\"https:\/\/drive.google.com\/file\/d\/1KOWsH76EkiFDZAiOvuPl_N_WdoIoh-vh\/view?usp=drive_link\" style=\"color:#ffffff\" target=\"_blank\" rel=\"noreferrer noopener\">Gu\u00eda detallada<\/a><\/div>\n<\/div>\n<\/div><\/div>\n<\/div><\/div>\n<\/div><\/div>\n\n\n\n<div class=\"wp-block-genesis-blocks-gb-column gb-block-layout-column\"><div class=\"gb-block-layout-column-inner\" style=\"margin-top:10px;padding-top:5%;padding-left:3%\">\n<h1 id=\"bi\">Bi+<\/h1>\n\n\n\n<h2 id=\"ies-baranain\">IES Bara\u00f1\u00e1in<\/h2>\n<\/div><\/div>\n<\/div><\/div>\n\n\n\n<p class=\"has-drop-cap is-style-default\">Es un programa educativo, compatible e integrado en cualquiera de los cuatro itinerarios del Bachillerato que se ofertan en nuestro centro: Humanidades, Ciencias Sociales, Ciencias de la Salud, Ciencias e Ingenier\u00eda.<\/p>\n\n\n\n<p class=\"has-drop-cap is-style-default\">Se desarrolla a lo largo de los dos cursos del Bachillerato, en los que el alumnado participante tendr\u00e1 la oportunidad de desarrollar un proyecto de investigaci\u00f3n completo sobre un tema de su elecci\u00f3n, aplicando el m\u00e9todo cient\u00edfico, y acompa\u00f1ado en todo el proceso por un profesor tutor y, en su caso, por personal investigador de alguna de las entidades colaboradoras en el programa.<\/p>\n\n\n\n<h2 id=\"por-que-cursar-bi\"><strong><em>\u00bfPor qu\u00e9 cursar Bi+?<\/em><\/strong><\/h2>\n\n\n\n<p>\u2794<strong>Mejora tu formaci\u00f3n:\u00a0<\/strong>aprender\u00e1s y pondr\u00e1s en pr\u00e1ctica las herramientas y destrezas asociadas a la investigaci\u00f3n y m\u00e9todo cient\u00edfico. Tendr\u00e1s la oportunidad de interactuar con profesionales de distintas entidades e incluso de realizar estancias o pr\u00e1cticas.<br>\u2794<strong>Mejora tu expediente acad\u00e9mico:<\/strong>\u00a0la calificaci\u00f3n del proyecto de investigaci\u00f3n se a\u00f1ade a tu nota media final del Bachillerato, que puede verse incrementada hasta 1 punto.<br>\u2794<strong>Enriquece tu\u00a0<em>curriculum vitae<\/em>:<\/strong>\u00a0el certificado de participaci\u00f3n en el programa, la participaci\u00f3n en congresos y publicaciones y la posibilidad de acceder a premios\u2026 todo ello puede resultar ventajoso en tu futuro universitario para acceder a ayudas y becas.<br>\u2794<strong>Te ayuda a decidir:<\/strong>\u00a0\u00bfqui\u00e9n no se ha preguntado en 2\u00ba de Bachillerato: \u201cy yo, \u00bfqu\u00e9 quiero estudiar\u2026\u201d? Participar en el programa Bi+ te dar\u00e1 la oportunidad de profundizar en un \u00e1rea concreta del conocimiento y de acercarte a su realidad universitaria y profesional. Esta experiencia en primera persona te puede ayudar enormemente a la hora de optar con m\u00e1s seguridad por unos estudios universitarios u otros.<\/p>\n\n\n\n<hr class=\"wp-block-separator\"\/>\n\n\n\n<p>Para dudas o consultas, pueden enviar un correo a:&nbsp;<\/p>\n\n\n\n<p><a rel=\"noreferrer noopener\" href=\"mailto:iesbaran-bi@educacion.navarra.es\" target=\"_blank\">iesbaran-bi@educacion.navarra.es<\/a><\/p>\n\n\n\n<div style=\"padding-left:8%;padding-right:8%;padding-bottom:2%;padding-top:2%\" class=\"wp-block-genesis-blocks-gb-container gb-block-container alignfull\"><div class=\"gb-container-inside\"><div class=\"gb-container-content\" style=\"max-width:1200px\">\n<h2 class=\"has-text-align-left\">Noticias<\/h2>\n\n\n<div class=\"gb-block-post-grid featuredpost alignfull is-style-default\"><div class=\"gb-post-grid-items is-grid columns-4\"><article id=\"post-4293\" class=\"gb-post-grid-item post-4293 post type-post status-publish format-standard has-post-thumbnail category-sin-categoria entry\"><div class=\"gb-block-post-grid-image\"><a href=\"https:\/\/iesbaran.educacion.navarra.es\/web\/bachilleratoinvestigacion\/2026\/04\/22\/presentacion-de-los-nuevos-proyectos-del-bachillerato-de-investigacion-de-la-v-promocion\/\" rel=\"bookmark\" aria-hidden=\"true\" tabindex=\"-1\"><img width=\"520\" height=\"780\" src=\"https:\/\/iesbaran.educacion.navarra.es\/web\/bachilleratoinvestigacion\/wp-content\/uploads\/sites\/4\/2026\/04\/1-520x780.jpg\" class=\"attachment-featured-blog size-featured-blog\" alt=\"\" loading=\"lazy\" \/><\/a><\/div><div class=\"gb-block-post-grid-text\"><header class=\"gb-block-post-grid-header\"><h3 class=\"gb-block-post-grid-title\"><a href=\"https:\/\/iesbaran.educacion.navarra.es\/web\/bachilleratoinvestigacion\/2026\/04\/22\/presentacion-de-los-nuevos-proyectos-del-bachillerato-de-investigacion-de-la-v-promocion\/\" rel=\"bookmark\">Presentaci\u00f3n de los nuevos proyectos del Bachillerato de investigaci\u00f3n de la V promoci\u00f3n<\/a><\/h3><div class=\"gb-block-post-grid-byline\"><\/div><\/header><div class=\"gb-block-post-grid-excerpt\"><p><a class=\"gb-block-post-grid-more-link gb-text-link\" href=\"https:\/\/iesbaran.educacion.navarra.es\/web\/bachilleratoinvestigacion\/2026\/04\/22\/presentacion-de-los-nuevos-proyectos-del-bachillerato-de-investigacion-de-la-v-promocion\/\" rel=\"bookmark\">LEER M\u00c1S <span class=\"screen-reader-text\">Presentaci\u00f3n de los nuevos proyectos del Bachillerato de investigaci\u00f3n de la V promoci\u00f3n<\/span><\/a><\/p><\/div><\/div><\/article>\n<article id=\"post-4280\" class=\"gb-post-grid-item post-4280 post type-post status-publish format-standard has-post-thumbnail category-noticias entry\"><div class=\"gb-block-post-grid-image\"><a href=\"https:\/\/iesbaran.educacion.navarra.es\/web\/bachilleratoinvestigacion\/2026\/01\/14\/el-miercoles-21-se-presentaran-los-trabajos-de-investigacion-del-alumnado-de-bi-en-la-casa-de-cultura\/\" rel=\"bookmark\" aria-hidden=\"true\" tabindex=\"-1\"><img width=\"520\" height=\"780\" src=\"https:\/\/iesbaran.educacion.navarra.es\/web\/bachilleratoinvestigacion\/wp-content\/uploads\/sites\/4\/2026\/01\/PROGRAMA-Exposicion-trabajos-de-investigacion_IES-BARANAIN-Promo-IV_1-520x780.jpg\" class=\"attachment-featured-blog size-featured-blog\" alt=\"\" loading=\"lazy\" \/><\/a><\/div><div class=\"gb-block-post-grid-text\"><header class=\"gb-block-post-grid-header\"><h3 class=\"gb-block-post-grid-title\"><a href=\"https:\/\/iesbaran.educacion.navarra.es\/web\/bachilleratoinvestigacion\/2026\/01\/14\/el-miercoles-21-se-presentaran-los-trabajos-de-investigacion-del-alumnado-de-bi-en-la-casa-de-cultura\/\" rel=\"bookmark\">El mi\u00e9rcoles 21 se presentar\u00e1n los trabajos de investigaci\u00f3n del alumnado de Bi+ en la Casa de Cultura<\/a><\/h3><div class=\"gb-block-post-grid-byline\"><\/div><\/header><div class=\"gb-block-post-grid-excerpt\"><p><a class=\"gb-block-post-grid-more-link gb-text-link\" href=\"https:\/\/iesbaran.educacion.navarra.es\/web\/bachilleratoinvestigacion\/2026\/01\/14\/el-miercoles-21-se-presentaran-los-trabajos-de-investigacion-del-alumnado-de-bi-en-la-casa-de-cultura\/\" rel=\"bookmark\">LEER M\u00c1S <span class=\"screen-reader-text\">El mi\u00e9rcoles 21 se presentar\u00e1n los trabajos de investigaci\u00f3n del alumnado de Bi+ en la Casa de Cultura<\/span><\/a><\/p><\/div><\/div><\/article>\n<article id=\"post-4069\" class=\"gb-post-grid-item post-4069 post type-post status-publish format-standard has-post-thumbnail category-sin-categoria entry\"><div class=\"gb-block-post-grid-image\"><a href=\"https:\/\/iesbaran.educacion.navarra.es\/web\/bachilleratoinvestigacion\/2025\/06\/25\/publicacion-baremo-provisional-de-acceso-programa-bachillerato-de-investigacion-curso-25-26\/\" rel=\"bookmark\" aria-hidden=\"true\" tabindex=\"-1\"><img width=\"520\" height=\"780\" src=\"https:\/\/iesbaran.educacion.navarra.es\/web\/bachilleratoinvestigacion\/wp-content\/uploads\/sites\/4\/2025\/06\/ChatGPT-Image-27-jun-2025-11_23_39-520x780.png\" class=\"attachment-featured-blog size-featured-blog\" alt=\"\" loading=\"lazy\" srcset=\"https:\/\/iesbaran.educacion.navarra.es\/web\/bachilleratoinvestigacion\/wp-content\/uploads\/sites\/4\/2025\/06\/ChatGPT-Image-27-jun-2025-11_23_39-520x780.png 520w, https:\/\/iesbaran.educacion.navarra.es\/web\/bachilleratoinvestigacion\/wp-content\/uploads\/sites\/4\/2025\/06\/ChatGPT-Image-27-jun-2025-11_23_39-200x300.png 200w, https:\/\/iesbaran.educacion.navarra.es\/web\/bachilleratoinvestigacion\/wp-content\/uploads\/sites\/4\/2025\/06\/ChatGPT-Image-27-jun-2025-11_23_39-683x1024.png 683w, https:\/\/iesbaran.educacion.navarra.es\/web\/bachilleratoinvestigacion\/wp-content\/uploads\/sites\/4\/2025\/06\/ChatGPT-Image-27-jun-2025-11_23_39-50x75.png 50w, https:\/\/iesbaran.educacion.navarra.es\/web\/bachilleratoinvestigacion\/wp-content\/uploads\/sites\/4\/2025\/06\/ChatGPT-Image-27-jun-2025-11_23_39.png 720w\" sizes=\"(max-width: 520px) 100vw, 520px\" \/><\/a><\/div><div class=\"gb-block-post-grid-text\"><header class=\"gb-block-post-grid-header\"><h3 class=\"gb-block-post-grid-title\"><a href=\"https:\/\/iesbaran.educacion.navarra.es\/web\/bachilleratoinvestigacion\/2025\/06\/25\/publicacion-baremo-provisional-de-acceso-programa-bachillerato-de-investigacion-curso-25-26\/\" rel=\"bookmark\">Publicaci\u00f3n baremo de acceso Programa Bachillerato de Investigaci\u00f3n curso 25-26<\/a><\/h3><div class=\"gb-block-post-grid-byline\"><\/div><\/header><div class=\"gb-block-post-grid-excerpt\"><p><a class=\"gb-block-post-grid-more-link gb-text-link\" href=\"https:\/\/iesbaran.educacion.navarra.es\/web\/bachilleratoinvestigacion\/2025\/06\/25\/publicacion-baremo-provisional-de-acceso-programa-bachillerato-de-investigacion-curso-25-26\/\" rel=\"bookmark\">LEER M\u00c1S <span class=\"screen-reader-text\">Publicaci\u00f3n baremo de acceso Programa Bachillerato de Investigaci\u00f3n curso 25-26<\/span><\/a><\/p><\/div><\/div><\/article>\n<article id=\"post-4052\" class=\"gb-post-grid-item post-4052 post type-post status-publish format-standard has-post-thumbnail category-noticias tag-bachillerato tag-bachillerato-de-investigacion tag-ies-baranain tag-innovacion-educativa tag-investigacion tag-urania entry\"><div class=\"gb-block-post-grid-image\"><a href=\"https:\/\/iesbaran.educacion.navarra.es\/web\/bachilleratoinvestigacion\/2025\/06\/12\/el-primer-y-segundo-premio-del-congreso-urania-de-investigacion-viajan-al-ies-baranain\/\" rel=\"bookmark\" aria-hidden=\"true\" tabindex=\"-1\"><img width=\"520\" height=\"780\" src=\"https:\/\/iesbaran.educacion.navarra.es\/web\/bachilleratoinvestigacion\/wp-content\/uploads\/sites\/4\/2025\/06\/IMG_4747-520x780.jpg\" class=\"attachment-featured-blog size-featured-blog\" alt=\"\" loading=\"lazy\" \/><\/a><\/div><div class=\"gb-block-post-grid-text\"><header class=\"gb-block-post-grid-header\"><h3 class=\"gb-block-post-grid-title\"><a href=\"https:\/\/iesbaran.educacion.navarra.es\/web\/bachilleratoinvestigacion\/2025\/06\/12\/el-primer-y-segundo-premio-del-congreso-urania-de-investigacion-viajan-al-ies-baranain\/\" rel=\"bookmark\">El primer y segundo premio del Congreso Urania de investigaci\u00f3n viajan al IES Bara\u00f1\u00e1in<\/a><\/h3><div class=\"gb-block-post-grid-byline\"><\/div><\/header><div class=\"gb-block-post-grid-excerpt\"><p><a class=\"gb-block-post-grid-more-link gb-text-link\" href=\"https:\/\/iesbaran.educacion.navarra.es\/web\/bachilleratoinvestigacion\/2025\/06\/12\/el-primer-y-segundo-premio-del-congreso-urania-de-investigacion-viajan-al-ies-baranain\/\" rel=\"bookmark\">LEER M\u00c1S <span class=\"screen-reader-text\">El primer y segundo premio del Congreso Urania de investigaci\u00f3n viajan al IES Bara\u00f1\u00e1in<\/span><\/a><\/p><\/div><\/div><\/article>\n<article id=\"post-3928\" class=\"gb-post-grid-item post-3928 post type-post status-publish format-standard has-post-thumbnail category-noticias tag-bachillerato-de-investigacion tag-educacion-secundaria tag-ies-baranain tag-innovacion-educativa tag-investigacion entry\"><div class=\"gb-block-post-grid-image\"><a href=\"https:\/\/iesbaran.educacion.navarra.es\/web\/bachilleratoinvestigacion\/2025\/05\/02\/las-defensas-orales-de-los-proyectos-de-investigacion-del-bi-se-realizaran-el-miercoles-7-de-mayo\/\" rel=\"bookmark\" aria-hidden=\"true\" tabindex=\"-1\"><img width=\"520\" height=\"780\" src=\"https:\/\/iesbaran.educacion.navarra.es\/web\/bachilleratoinvestigacion\/wp-content\/uploads\/sites\/4\/2025\/05\/Captura-de-pantalla-2025-04-29-084813-520x780.png\" class=\"attachment-featured-blog size-featured-blog\" alt=\"\" loading=\"lazy\" \/><\/a><\/div><div class=\"gb-block-post-grid-text\"><header class=\"gb-block-post-grid-header\"><h3 class=\"gb-block-post-grid-title\"><a href=\"https:\/\/iesbaran.educacion.navarra.es\/web\/bachilleratoinvestigacion\/2025\/05\/02\/las-defensas-orales-de-los-proyectos-de-investigacion-del-bi-se-realizaran-el-miercoles-7-de-mayo\/\" rel=\"bookmark\">Las defensas orales de los Proyectos de Investigaci\u00f3n del Bi+ se realizar\u00e1n el mi\u00e9rcoles 7 de mayo<\/a><\/h3><div class=\"gb-block-post-grid-byline\"><\/div><\/header><div class=\"gb-block-post-grid-excerpt\"><p><a class=\"gb-block-post-grid-more-link gb-text-link\" href=\"https:\/\/iesbaran.educacion.navarra.es\/web\/bachilleratoinvestigacion\/2025\/05\/02\/las-defensas-orales-de-los-proyectos-de-investigacion-del-bi-se-realizaran-el-miercoles-7-de-mayo\/\" rel=\"bookmark\">LEER M\u00c1S <span class=\"screen-reader-text\">Las defensas orales de los Proyectos de Investigaci\u00f3n del Bi+ se realizar\u00e1n el mi\u00e9rcoles 7 de mayo<\/span><\/a><\/p><\/div><\/div><\/article>\n<article id=\"post-3724\" class=\"gb-post-grid-item post-3724 post type-post status-publish format-standard has-post-thumbnail category-noticias tag-bachillerato tag-bachillerato-de-investigacion tag-baranain tag-ies-baranain entry\"><div class=\"gb-block-post-grid-image\"><a href=\"https:\/\/iesbaran.educacion.navarra.es\/web\/bachilleratoinvestigacion\/2025\/01\/16\/el-proximo-miercoles-22-de-enero-se-realizaran-las-presentaciones-orales-de-los-trabajos-de-investigacion-del-bi\/\" rel=\"bookmark\" aria-hidden=\"true\" tabindex=\"-1\"><img width=\"520\" height=\"780\" src=\"https:\/\/iesbaran.educacion.navarra.es\/web\/bachilleratoinvestigacion\/wp-content\/uploads\/sites\/4\/2025\/03\/Defensa-oral-Trabajos-de-investigacion-Bi_IES-Baranain_Promo-III_1-520x780.jpg\" class=\"attachment-featured-blog size-featured-blog\" alt=\"\" loading=\"lazy\" \/><\/a><\/div><div class=\"gb-block-post-grid-text\"><header class=\"gb-block-post-grid-header\"><h3 class=\"gb-block-post-grid-title\"><a href=\"https:\/\/iesbaran.educacion.navarra.es\/web\/bachilleratoinvestigacion\/2025\/01\/16\/el-proximo-miercoles-22-de-enero-se-realizaran-las-presentaciones-orales-de-los-trabajos-de-investigacion-del-bi\/\" rel=\"bookmark\">El pr\u00f3ximo mi\u00e9rcoles 22 de enero se realizar\u00e1n las presentaciones orales de los trabajos de investigaci\u00f3n del Bi+<\/a><\/h3><div class=\"gb-block-post-grid-byline\"><\/div><\/header><div class=\"gb-block-post-grid-excerpt\"><p><a class=\"gb-block-post-grid-more-link gb-text-link\" href=\"https:\/\/iesbaran.educacion.navarra.es\/web\/bachilleratoinvestigacion\/2025\/01\/16\/el-proximo-miercoles-22-de-enero-se-realizaran-las-presentaciones-orales-de-los-trabajos-de-investigacion-del-bi\/\" rel=\"bookmark\">LEER M\u00c1S <span class=\"screen-reader-text\">El pr\u00f3ximo mi\u00e9rcoles 22 de enero se realizar\u00e1n las presentaciones orales de los trabajos de investigaci\u00f3n del Bi+<\/span><\/a><\/p><\/div><\/div><\/article>\n<article id=\"post-3672\" class=\"gb-post-grid-item post-3672 post type-post status-publish format-standard has-post-thumbnail category-noticias tag-bachillerato-de-investigacion tag-eustory-iberia-2 tag-ies-baranain entry\"><div class=\"gb-block-post-grid-image\"><a href=\"https:\/\/iesbaran.educacion.navarra.es\/web\/bachilleratoinvestigacion\/2024\/11\/06\/gran-exito-del-ies-baranain-y-el-ies-plaza-de-la-cruz-en-el-certamen-eustory-iberia\/\" rel=\"bookmark\" aria-hidden=\"true\" tabindex=\"-1\"><img width=\"267\" height=\"400\" src=\"https:\/\/iesbaran.educacion.navarra.es\/web\/bachilleratoinvestigacion\/wp-content\/uploads\/sites\/4\/2025\/03\/admin-ajax.jpg\" class=\"attachment-featured-blog size-featured-blog\" alt=\"\" loading=\"lazy\" srcset=\"https:\/\/iesbaran.educacion.navarra.es\/web\/bachilleratoinvestigacion\/wp-content\/uploads\/sites\/4\/2025\/03\/admin-ajax.jpg 267w, https:\/\/iesbaran.educacion.navarra.es\/web\/bachilleratoinvestigacion\/wp-content\/uploads\/sites\/4\/2025\/03\/admin-ajax-200x300.jpg 200w, https:\/\/iesbaran.educacion.navarra.es\/web\/bachilleratoinvestigacion\/wp-content\/uploads\/sites\/4\/2025\/03\/admin-ajax-50x75.jpg 50w\" sizes=\"(max-width: 267px) 100vw, 267px\" \/><\/a><\/div><div class=\"gb-block-post-grid-text\"><header class=\"gb-block-post-grid-header\"><h3 class=\"gb-block-post-grid-title\"><a href=\"https:\/\/iesbaran.educacion.navarra.es\/web\/bachilleratoinvestigacion\/2024\/11\/06\/gran-exito-del-ies-baranain-y-el-ies-plaza-de-la-cruz-en-el-certamen-eustory-iberia\/\" rel=\"bookmark\">Gran \u00e9xito del IES Bara\u00f1\u00e1in y el IES Plaza de la Cruz en el Certamen Eustory Iberia<\/a><\/h3><div class=\"gb-block-post-grid-byline\"><\/div><\/header><div class=\"gb-block-post-grid-excerpt\"><p><a class=\"gb-block-post-grid-more-link gb-text-link\" href=\"https:\/\/iesbaran.educacion.navarra.es\/web\/bachilleratoinvestigacion\/2024\/11\/06\/gran-exito-del-ies-baranain-y-el-ies-plaza-de-la-cruz-en-el-certamen-eustory-iberia\/\" rel=\"bookmark\">LEER M\u00c1S <span class=\"screen-reader-text\">Gran \u00e9xito del IES Bara\u00f1\u00e1in y el IES Plaza de la Cruz en el Certamen Eustory Iberia<\/span><\/a><\/p><\/div><\/div><\/article>\n<article id=\"post-3608\" class=\"gb-post-grid-item post-3608 post type-post status-publish format-standard has-post-thumbnail category-noticias tag-bachillerato tag-bachillerato-de-investigacion tag-eustory-iberia tag-ies-baranain entry\"><div class=\"gb-block-post-grid-image\"><a href=\"https:\/\/iesbaran.educacion.navarra.es\/web\/bachilleratoinvestigacion\/2024\/10\/14\/vania-kostadinova-alumna-del-bachillerato-de-investigacion-obtiene-el-2o-premio-en-el-concurso-de-historia-para-jovenes-eustory-iberia\/\" rel=\"bookmark\" aria-hidden=\"true\" tabindex=\"-1\"><img width=\"520\" height=\"780\" src=\"https:\/\/iesbaran.educacion.navarra.es\/web\/bachilleratoinvestigacion\/wp-content\/uploads\/sites\/4\/2024\/10\/Vania-Georgieva-520x780.jpg\" class=\"attachment-featured-blog size-featured-blog\" alt=\"\" loading=\"lazy\" \/><\/a><\/div><div class=\"gb-block-post-grid-text\"><header class=\"gb-block-post-grid-header\"><h3 class=\"gb-block-post-grid-title\"><a href=\"https:\/\/iesbaran.educacion.navarra.es\/web\/bachilleratoinvestigacion\/2024\/10\/14\/vania-kostadinova-alumna-del-bachillerato-de-investigacion-obtiene-el-2o-premio-en-el-concurso-de-historia-para-jovenes-eustory-iberia\/\" rel=\"bookmark\">Vania Kostadinova, alumna del Bachillerato de Investigaci\u00f3n, obtiene el 2\u00ba premio en el concurso de Historia para J\u00f3venes Eustory-Iberia<\/a><\/h3><div class=\"gb-block-post-grid-byline\"><\/div><\/header><div class=\"gb-block-post-grid-excerpt\"><p><a class=\"gb-block-post-grid-more-link gb-text-link\" href=\"https:\/\/iesbaran.educacion.navarra.es\/web\/bachilleratoinvestigacion\/2024\/10\/14\/vania-kostadinova-alumna-del-bachillerato-de-investigacion-obtiene-el-2o-premio-en-el-concurso-de-historia-para-jovenes-eustory-iberia\/\" rel=\"bookmark\">LEER M\u00c1S <span class=\"screen-reader-text\">Vania Kostadinova, alumna del Bachillerato de Investigaci\u00f3n, obtiene el 2\u00ba premio en el concurso de Historia para J\u00f3venes Eustory-Iberia<\/span><\/a><\/p><\/div><\/div><\/article>\n<\/div><\/div>\n\n\n<p><\/p>\n<\/div><\/div><\/div>\n\n\n\n<figure class=\"wp-block-image size-large is-style-default\"><img src=\"https:\/\/iesbaran.educacion.navarra.es\/web\/bachilleratoinvestigacion\/wp-content\/uploads\/sites\/4\/2024\/03\/exterior-reducido-para-web-1024x734.png\" alt=\"\" class=\"wp-image-3196\"\/><\/figure>\n","protected":false},"excerpt":{"rendered":"<p>Es un programa educativo, compatible e integrado en cualquiera de los cuatro itinerarios del Bachillerato que se ofertan en nuestro centro: Humanidades, Ciencias Sociales, Ciencias de la Salud, Ciencias e Ingenier\u00eda. Se desarrolla a lo largo de los dos cursos del Bachillerato, en los que el alumnado participante tendr\u00e1 la oportunidad de desarrollar un proyecto [&hellip;]<\/p>\n","protected":false},"author":1,"featured_media":0,"parent":0,"menu_order":0,"comment_status":"closed","ping_status":"open","template":"templates\/blocks.php","meta":{"_genesis_hide_title":true,"_genesis_hide_breadcrumbs":false,"_genesis_hide_singular_image":false,"_genesis_hide_footer_widgets":false,"_genesis_custom_body_class":"","_genesis_custom_post_class":"","_genesis_layout":"full-width-content"},"featured_image_src":null,"featured_image_src_square":null,"_links":{"self":[{"href":"https:\/\/iesbaran.educacion.navarra.es\/web\/bachilleratoinvestigacion\/wp-json\/wp\/v2\/pages\/2"}],"collection":[{"href":"https:\/\/iesbaran.educacion.navarra.es\/web\/bachilleratoinvestigacion\/wp-json\/wp\/v2\/pages"}],"about":[{"href":"https:\/\/iesbaran.educacion.navarra.es\/web\/bachilleratoinvestigacion\/wp-json\/wp\/v2\/types\/page"}],"author":[{"embeddable":true,"href":"https:\/\/iesbaran.educacion.navarra.es\/web\/bachilleratoinvestigacion\/wp-json\/wp\/v2\/users\/1"}],"replies":[{"embeddable":true,"href":"https:\/\/iesbaran.educacion.navarra.es\/web\/bachilleratoinvestigacion\/wp-json\/wp\/v2\/comments?post=2"}],"version-history":[{"count":32,"href":"https:\/\/iesbaran.educacion.navarra.es\/web\/bachilleratoinvestigacion\/wp-json\/wp\/v2\/pages\/2\/revisions"}],"predecessor-version":[{"id":3803,"href":"https:\/\/iesbaran.educacion.navarra.es\/web\/bachilleratoinvestigacion\/wp-json\/wp\/v2\/pages\/2\/revisions\/3803"}],"wp:attachment":[{"href":"https:\/\/iesbaran.educacion.navarra.es\/web\/bachilleratoinvestigacion\/wp-json\/wp\/v2\/media?parent=2"}],"curies":[{"name":"wp","href":"https:\/\/api.w.org\/{rel}","templated":true}]}}